{"id":61,"date":"2013-03-26T18:45:24","date_gmt":"2013-03-26T18:45:24","guid":{"rendered":"http:\/\/www.bcpax.nl\/?page_id=61"},"modified":"2013-03-26T18:45:24","modified_gmt":"2013-03-26T18:45:24","slug":"spelregels","status":"publish","type":"page","link":"https:\/\/www.bcpax.nl\/?page_id=61","title":{"rendered":"Spelregels"},"content":{"rendered":"<p><span style=\"color: #339966;\"><strong>Spelregels algemeen<\/strong><\/span><\/p>\n<p>Badminton bestaat al heel lang. Aangenomen wordt dat India de bakermat is van het badminton. Daar werd de sport Poona gespeeld, een spel dat op badminton leek. Engelse officieren introduceerden de sport, waar ze in India mee kennis hadden gemaakt, in Engeland. Omstreeks 1873 werd het spel intensief beoefend op een Engels landgoed dat BADMINTON heette. Men denkt dat de naam van het landgoed is overgegaan op het spel. Jij bent beslist niet de enige die ge\u00efnteresseerd is in deze sport. In Nederland spelen op dit moment namelijk zo&#8217;n 63.000 mensen badminton.<\/p>\n<p><span style=\"color: #339966;\"><strong>Materiaal<\/strong> <\/span><\/p>\n<p>1. Racket<br \/>\nTen eerste heb je natuurlijk een badmintonracket nodig. Je kunt je laten adviseren in een sportwinkel wat betreft bespanning, gripdikte, prijs en merk.<\/p>\n<p>2. Sportkleren<br \/>\nOm te kunnen badmintonnen heb je eigenlijk alleen een trainingspak nodig met daaronder een T-shirt en een short.<\/p>\n<p>3. Shuttles<br \/>\nTenslotte heb je een shuttle nodig. Er zijn nylon shuttles voor beginners en gevorderden. De vereniging levert de shuttles.<\/p>\n<p><span style=\"color: #339966;\"><strong>Het speelveld <\/strong><\/span><\/p>\n<p>Het veld is 13,40 meter lang en 6,10 meter breed. Het net moet bij de palen 155 cm hoog zijn. Hieronder worden de diverse indelingen van het speelveld weergegeven.<\/p>\n<p><a href=\"http:\/\/bcpax.nl\/wp-content\/uploads\/2013\/03\/Badmintonveld_met_afmetingen-1.png\"><img loading=\"lazy\" decoding=\"async\" width=\"800\" height=\"578\" class=\"alignnone size-full wp-image-67\" src=\"http:\/\/bcpax.nl\/wp-content\/uploads\/2013\/03\/Badmintonveld_met_afmetingen-1.png\" alt=\"Badmintonveld_met_afmetingen\" srcset=\"https:\/\/www.bcpax.nl\/wp-content\/uploads\/2013\/03\/Badmintonveld_met_afmetingen-1.png 800w, https:\/\/www.bcpax.nl\/wp-content\/uploads\/2013\/03\/Badmintonveld_met_afmetingen-1-300x217.png 300w, https:\/\/www.bcpax.nl\/wp-content\/uploads\/2013\/03\/Badmintonveld_met_afmetingen-1-768x555.png 768w\" sizes=\"auto, (max-width: 800px) 100vw, 800px\" \/><\/a><\/p>\n<p><span style=\"color: #339966;\"><strong>Toss<\/strong><\/span><\/p>\n<p>Voordat een spel begint is er een loting (toss). Wie deze toss wint mag een keuze maken uit de volgende mogelijkheden:<br \/>\n\u2022 eerst serveren of eerst de service ontvangen, of;<br \/>\n\u2022 het spel beginnen aan de ene kant dan wel aan de andere kant.<br \/>\nDe tegenpartij kiest uit de overgebleven mogelijkheden. Dus indien bijvoorbeeld de winnaar van de toss er voor kiest om eerst te serveren, dan is de verliezer van de toss de eerste ontvanger en kiest deze dus de kant van het veld waarop hij\/zij begint.<\/p>\n<p><span style=\"color: #339966;\"><strong>Telling<\/strong><\/span><br \/>\nVanaf 1 november 2006 speelt ook BC Pax volgens het nieuwe scoresysteem. Er wordt gespeeld tot 21 punten met een verschil van tenminste twee punten, behalve als de verlengingsregels van toepassing zijn. Er wordt gespeeld om twee gewonnen games per partij. Er wordt geteld volgens het zogenaamde rallypointsysteem: niet alleen de serveerder maar ook de ontvanger kan scoren. Hieronder staan de details op een rij:<br \/>\n\u2022 \u2018best of three\u2019 games tot 21, met een verschil van 2 punten per game \u2022 de service gaat over wanneer de serveerder niet scoort<br \/>\n\u2022 het systeem geldt voor enkel- en dubbelspel; geen verschil meer tussen dames en heren<br \/>\n\u2022 in het dubbelspel gaat de service na \u00e9\u00e9n misser over naar de tegenstander Je maakt een fout:<br \/>\n\u2022 als de shuttle binnen je speelveld op de grond valt; \u2022 als de shuttle tijdens de service, buiten het juiste serveervak van je tegenstander valt;<br \/>\n\u2022 als je in het net slaat;<br \/>\n\u2022 als je de shuttle twee maal achter elkaar raakt.<\/p>\n<p>&nbsp;<\/p>\n<p>&nbsp;<\/p>\n<p><a href=\"http:\/\/bcpax.nl\/wp-content\/uploads\/2013\/03\/spelre7-1.png\"><img loading=\"lazy\" decoding=\"async\" width=\"454\" height=\"189\" class=\"alignnone size-full wp-image-93\" src=\"http:\/\/bcpax.nl\/wp-content\/uploads\/2013\/03\/spelre7-1.png\" alt=\"spelre7\" srcset=\"https:\/\/www.bcpax.nl\/wp-content\/uploads\/2013\/03\/spelre7-1.png 454w, https:\/\/www.bcpax.nl\/wp-content\/uploads\/2013\/03\/spelre7-1-300x125.png 300w\" sizes=\"auto, (max-width: 454px) 100vw, 454px\" \/><\/a><a href=\"http:\/\/bcpax.nl\/wp-content\/uploads\/2013\/03\/spelre8-1.gif\"><img loading=\"lazy\" decoding=\"async\" width=\"414\" height=\"214\" class=\"alignnone size-full wp-image-22\" src=\"http:\/\/bcpax.nl\/wp-content\/uploads\/2013\/03\/spelre8-1.gif\" alt=\"spelre8\" \/><\/a><\/p>\n<p>&nbsp;<\/p>\n<p><span style=\"color: #339966;\"><strong>Service algemeen<\/strong><\/span><\/p>\n<p>De service is heel belangrijk in badminton: het kan je direct in een voordelige spelpositie brengen ten opzichte van de tegenstander. Daarom is het belangrijk diverse services goed te beheersen. Een service is goed als: deze onderhands geslagen wordt;<br \/>\n\u2022 deze diagonaal in het juiste speelvak wordt gespeeld; (zie rechter tekening).<br \/>\n\u2022 de serveerder niet op of tegen de lijnen staat;<br \/>\n\u2022 de serveerder met beide voeten op de grond staat. Service enkelspel<br \/>\n\u2022 Iedere speler heeft \u00e9\u00e9n servicebeurt.<br \/>\n\u2022 In \u00e9\u00e9n servicebeurt kunnen g\u00e9\u00e9n of meer punten gescoord worden.<br \/>\n\u2022 Er wordt alleen van serveervak gewisseld als je zelf een punt maakt.<br \/>\n\u2022 Als je een fout maakt, gaat de service naar de tegenstander. Service dubbelspel<br \/>\n\u2022 Ieder team heeft een servicebeurt.<br \/>\n\u2022 De serverende partij serveert vanuit het rechter serveervak, als zijn partij geen of een even aantal punten heeft gescoord in de game.<br \/>\n\u2022 De serverende partij serveert vanuit het linker serveervak, als zijn partij een oneven aantal punten heeft gescoord in de game.<br \/>\n\u2022 In \u00e9\u00e9n servicebeurt kunnen door beide partijen punten gescoord worden.<br \/>\n\u2022 Er wordt alleen van serveervak gewisseld als jouw team een punt maakt.<br \/>\n\u2022 De spelers van de ontvangende partij wisselen niet van serveervak totdat zij een punt scoren tijdens de eigen servicebeurt.<br \/>\n\u2022 Indien de servicebeurt verloren is, gaat de service over naar de tegenstanders. Verlengingsregels Als de score 20-20 bereikt wordt, wint het team dat als eerste twee opeenvolgende punten scoort. Als de score 29-29 bereikt wordt, wint het team dat als eerste het 30ste punt scoort. Let Een let betekent dat de rally opnieuw moet worden gespeeld als gevolg van een onvoorziene gebeurtenis (bijvoorbeeld als de shuttle van anderen in jouw veld valt of als de shuttle in het net blijft hangen).<\/p>\n","protected":false},"excerpt":{"rendered":"<p>Spelregels algemeen Badminton bestaat al heel lang. Aangenomen wordt dat India de bakermat is van het badminton. Daar werd de sport Poona gespeeld, een spel dat op badminton leek. Engelse officieren introduceerden de sport, waar ze in India mee kennis hadden gemaakt, in Engeland. Omstreeks 1873 werd het spel intensief beoefend op een Engels landgoed [&hellip;]<\/p>\n","protected":false},"author":1,"featured_media":0,"parent":0,"menu_order":70,"comment_status":"open","ping_status":"open","template":"","meta":{"footnotes":""},"class_list":["post-61","page","type-page","status-publish","czr-hentry"],"_links":{"self":[{"href":"https:\/\/www.bcpax.nl\/index.php?rest_route=\/wp\/v2\/pages\/61","targetHints":{"allow":["GET"]}}],"collection":[{"href":"https:\/\/www.bcpax.nl\/index.php?rest_route=\/wp\/v2\/pages"}],"about":[{"href":"https:\/\/www.bcpax.nl\/index.php?rest_route=\/wp\/v2\/types\/page"}],"author":[{"embeddable":true,"href":"https:\/\/www.bcpax.nl\/index.php?rest_route=\/wp\/v2\/users\/1"}],"replies":[{"embeddable":true,"href":"https:\/\/www.bcpax.nl\/index.php?rest_route=%2Fwp%2Fv2%2Fcomments&post=61"}],"version-history":[{"count":0,"href":"https:\/\/www.bcpax.nl\/index.php?rest_route=\/wp\/v2\/pages\/61\/revisions"}],"wp:attachment":[{"href":"https:\/\/www.bcpax.nl\/index.php?rest_route=%2Fwp%2Fv2%2Fmedia&parent=61"}],"curies":[{"name":"wp","href":"https:\/\/api.w.org\/{rel}","templated":true}]}}